{"id":78,"date":"2012-03-16T18:33:07","date_gmt":"2012-03-16T18:33:07","guid":{"rendered":"http:\/\/sommerschule.org\/site\/?page_id=78"},"modified":"2021-08-06T19:41:27","modified_gmt":"2021-08-06T19:41:27","slug":"impressum","status":"publish","type":"page","link":"https:\/\/sommerschule.org\/site\/impressum\/","title":{"rendered":"Impressum und Datenschutz"},"content":{"rendered":"<h2>Impressum und Datenschutz<\/h2>\n<p><strong>Name und Anschrift:<\/strong><\/p>\n<p>Hamburger Sommerschule e. V.<br \/>\nc\/o Leo<br \/>\nArnold-Heise-Stra\u00dfe 25<br \/>\n20249 Hamburg<\/p>\n<p><strong>Vertreten durch<\/strong>:<\/p>\n<p>Herrn Hubertus Leo (Pr\u00e4sident),<br \/>\nFrau Julia Sasse (Schriftf\u00fchrer),<br \/>\nHerrn Carsten Deecke (Schatzmeister).<\/p>\n<p><strong>Kontakt<\/strong>:<br \/>\nTelefon: 040\/464610<br \/>\nE-Mail: vorstand@sommerschule.org<\/p>\n<p><strong>Registereintrag<\/strong>:\u00a0Eingetragen im Vereinsregister des Amtsgerichts Hamburg unter VR 20960.<\/p>\n<p><strong>Quellenangaben, Urheberrechte, Werbeverbot<\/strong>:\u00a0 Verwendete Bilder und Grafiken von Fotolia, istockphoto, Bigstock und stutterstock.<\/p>\n<p>Der Verein und alle auf dieser Website genannten Personen widersprechen der Nutzung der auf dieser Website ver\u00f6ffentlichten Kontaktdaten durch Dritte und der Zusendung von nicht ausdr\u00fccklich angeforderter Werbung. Der Verein beh\u00e4lt sich rechtliche Schritte gegen unverlangte Zusendungen von Werbung, etwa durch Spam-Mails, vor.<\/p>\n<p><strong>Haftungsausschluss<\/strong>: Wir weisen darauf hin, dass Daten bei der \u00dcbertragung \u00fcber das Internet (auch per E-Mail) wegen technisch nicht vermeidbarer Sicherheitsl\u00fccken nicht vollst\u00e4ndig vor dem Zugriff durch Dritte gesch\u00fctzt sind.<\/p>\n<p><strong>Datenschutz<\/strong>: Sie k\u00f6nnen unsere Website ohne gesonderte Angabe personenbezogener Daten besuchen. Wir verwenden keine Analyseprogramme wie z.B. Google Analytics. Allerdings speichert unser Provider (wie jeder andere Provider) bei jedem Aufruf die vom Benutzer verwendete IP-Adresse und dessen Browsertyp samt einem Zeitstempel. Die f\u00fcr die Datenverarbeitung verantwortliche Person ist der Pr\u00e4sident des Vereins, Kontaktdaten siehe oben. Der Verein Hamburger Sommerschule e.V. ist nicht verpflichtet, einen Datenschutzbeauftragten zu bestellen, und hat auch keinen Datenschutzbeauftragten bestellt.<\/p>\n","protected":false},"excerpt":{"rendered":"<p>Impressum und Datenschutz Name und Anschrift: Hamburger Sommerschule e. V. c\/o Leo Arnold-Heise-Stra\u00dfe 25 20249 Hamburg Vertreten durch: Herrn Hubertus Leo (Pr\u00e4sident), Frau Julia Sasse (Schriftf\u00fchrer), Herrn Carsten Deecke (Schatzmeister). Kontakt: Telefon: 040\/464610 E-Mail: vorstand@sommerschule.org Registereintrag:\u00a0Eingetragen im Vereinsregister des Amtsgerichts Hamburg unter VR 20960. Quellenangaben, Urheberrechte, Werbeverbot:\u00a0 Verwendete Bilder und Grafiken von Fotolia, istockphoto, Bigstock&#8230;  <a href=\"https:\/\/sommerschule.org\/site\/impressum\/\" title=\"Read Impressum und Datenschutz\">Read more &raquo;<\/a><\/p>\n","protected":false},"author":1,"featured_media":0,"parent":0,"menu_order":10,"comment_status":"closed","ping_status":"closed","template":"","meta":{"footnotes":""},"class_list":["post-78","page","type-page","status-publish","hentry"],"_links":{"self":[{"href":"https:\/\/sommerschule.org\/site\/wp-json\/wp\/v2\/pages\/78","targetHints":{"allow":["GET"]}}],"collection":[{"href":"https:\/\/sommerschule.org\/site\/wp-json\/wp\/v2\/pages"}],"about":[{"href":"https:\/\/sommerschule.org\/site\/wp-json\/wp\/v2\/types\/page"}],"author":[{"embeddable":true,"href":"https:\/\/sommerschule.org\/site\/wp-json\/wp\/v2\/users\/1"}],"replies":[{"embeddable":true,"href":"https:\/\/sommerschule.org\/site\/wp-json\/wp\/v2\/comments?post=78"}],"version-history":[{"count":16,"href":"https:\/\/sommerschule.org\/site\/wp-json\/wp\/v2\/pages\/78\/revisions"}],"predecessor-version":[{"id":3074,"href":"https:\/\/sommerschule.org\/site\/wp-json\/wp\/v2\/pages\/78\/revisions\/3074"}],"wp:attachment":[{"href":"https:\/\/sommerschule.org\/site\/wp-json\/wp\/v2\/media?parent=78"}],"curies":[{"name":"wp","href":"https:\/\/api.w.org\/{rel}","templated":true}]}}