{"id":72,"date":"2012-03-16T18:29:36","date_gmt":"2012-03-16T18:29:36","guid":{"rendered":"http:\/\/sommerschule.org\/site\/?page_id=72"},"modified":"2025-08-08T13:20:35","modified_gmt":"2025-08-08T13:20:35","slug":"forderer","status":"publish","type":"page","link":"https:\/\/sommerschule.org\/site\/verein\/forderer\/","title":{"rendered":"F\u00f6rderer"},"content":{"rendered":"<h2>Wir danken unseren F\u00f6rderern<\/h2>\n<p>Die Kosten f\u00fcr die Sommercamps wurden seit dem ersten Sommercamp im Jahr 2012 zum Teil \u00fcber Einzelspenden und Mitgliedsbeitr\u00e4ge, im Wesentlichen jedoch durch <span style=\"color: #800000;\"><strong>gro\u00dfz\u00fcgige Zuwendungen<\/strong><\/span> unter anderem folgender Stiftungen, Vereine und Unternehmen gedeckt (in alphabetischer Reihenfolge):<\/p>\n<p style=\"padding-left: 30px;\"><a href=\"https:\/\/www.alexander-gruner-stiftung.de\/\" target=\"_blank\" rel=\"noopener noreferrer\">Alexander Gruner Stiftung<\/a><\/p>\n<p style=\"padding-left: 30px;\">Aurubis AG<\/p>\n<p style=\"padding-left: 30px;\">B\u00f6ttcher Stiftung<\/p>\n<p style=\"padding-left: 30px;\"><a href=\"http:\/\/bresche.com\/\" target=\"_blank\" rel=\"noopener noreferrer\">Bremer Stiftung f\u00fcr Caritas und Hilfe in der Entwicklung \u201cbresche\u201d<\/a><\/p>\n<p style=\"padding-left: 30px;\">Buchhandlung Heymann<\/p>\n<p style=\"padding-left: 30px;\"><a title=\"www.buhck-stiftung.de\" href=\"http:\/\/www.buhck-stiftung.de\/\" target=\"_blank\" rel=\"noopener noreferrer\">Buhck-Stiftung<\/a><\/p>\n<p style=\"padding-left: 30px;\"><a href=\"http:\/\/sommerschule.org\/site\/wp-content\/uploads\/2019\/11\/BSH_Logo_CMYK.jpg\" rel=\"lightbox[72]\"><img loading=\"lazy\" decoding=\"async\" class=\"alignnone wp-image-2930\" src=\"http:\/\/sommerschule.org\/site\/wp-content\/uploads\/2019\/11\/BSH_Logo_CMYK.jpg\" alt=\"\" width=\"116\" height=\"81\" srcset=\"https:\/\/sommerschule.org\/site\/wp-content\/uploads\/2019\/11\/BSH_Logo_CMYK.jpg 689w, https:\/\/sommerschule.org\/site\/wp-content\/uploads\/2019\/11\/BSH_Logo_CMYK-300x210.jpg 300w\" sizes=\"auto, (max-width: 116px) 100vw, 116px\" \/><\/a> <a href=\"https:\/\/www.buergerstiftung-hamburg.de\/\" target=\"_blank\" rel=\"noopener noreferrer\">B\u00fcrgerStiftung Hamburg<\/a><\/p>\n<p style=\"padding-left: 30px;\">Carlsen Verlag<\/p>\n<p style=\"padding-left: 30px;\"><a href=\"http:\/\/www.claussen-simon-stiftung.de\/stiftung.html\" target=\"_blank\" rel=\"noopener noreferrer\">Claussen-Simon-Stiftung<\/a><\/p>\n<p style=\"padding-left: 30px;\">CMS Hasche Sigle<\/p>\n<p style=\"padding-left: 30px;\">Commerzbank AG<\/p>\n<p style=\"padding-left: 30px;\">Der Schrippenkurier<\/p>\n<p style=\"padding-left: 30px;\">Domaine des F\u00e9raud<\/p>\n<p style=\"padding-left: 30px;\"><a href=\"https:\/\/edmundsiemers-stiftung.de\/\" target=\"_blank\" rel=\"noopener\">Edmund Siemers-Stiftung<\/a><\/p>\n<p style=\"padding-left: 30px;\">Erich und Agnes Z\u00fchr Stiftung<\/p>\n<p style=\"padding-left: 30px;\"><a href=\"https:\/\/www.spendenparlament.de\/#\" target=\"_blank\" rel=\"noopener noreferrer\">Hamburger Spendenparlament<\/a><\/p>\n<p style=\"padding-left: 30px;\">Harald A. und Ingeborg L. Hartog-Stiftung<\/p>\n<p style=\"padding-left: 30px;\"><a href=\"https:\/\/www.haydn-orchester.de\/\" target=\"_blank\" rel=\"noopener noreferrer\">Haydn-Orchester Hamburg<\/a><\/p>\n<p style=\"padding-left: 30px;\">Hugo Meyer-Nachfahren-Stiftung<\/p>\n<p style=\"padding-left: 30px;\"><a href=\"https:\/\/www.karan-stiftung.com\/\" target=\"_blank\" rel=\"noopener noreferrer\">Ian und Barbara Karan Stiftung<\/a><\/p>\n<p style=\"padding-left: 30px;\"><a href=\"https:\/\/www.joachim-herz-stiftung.de\/\" target=\"_blank\" rel=\"noopener noreferrer\">Joachim Herz Stiftung<\/a><\/p>\n<p style=\"padding-left: 30px;\"><a href=\"http:\/\/www.juergen-sengpiel-stiftung.de\/\" target=\"_blank\" rel=\"noopener noreferrer\">J\u00fcrgen Sengpiel Stiftung<\/a><\/p>\n<p style=\"padding-left: 30px;\"><a href=\"https:\/\/www.kinderlicht.de\/\" target=\"_blank\" rel=\"noopener noreferrer\">Kinderlicht e.V.<\/a><\/p>\n<p style=\"padding-left: 30px;\">K.S. Fischer Stiftung<\/p>\n<p style=\"padding-left: 30px;\">Mayfair SE<\/p>\n<p style=\"padding-left: 30px;\">Moser Stiftung<\/p>\n<p style=\"padding-left: 30px;\"><a href=\"https:\/\/petermoehrle-stiftung.de\/\" target=\"_blank\" rel=\"noopener\">Peter M\u00f6hrle Stiftung<\/a><\/p>\n<p style=\"padding-left: 30px;\">Peter Hilft!<\/p>\n<p style=\"padding-left: 30px;\"><a href=\"http:\/\/www.radiohamburg.de\/Programm\/Hoerer-helfen-Kindern\" target=\"_blank\" rel=\"noopener noreferrer\">Radio Hamburg H\u00f6rer helfen Kindern e.V.<\/a><\/p>\n<p style=\"padding-left: 30px;\"><a href=\"https:\/\/rating-stiftung.de\/\" target=\"_blank\" rel=\"noopener noreferrer\">Rating Stiftung<\/a><\/p>\n<p style=\"padding-left: 30px;\">Reederei Nord GmbH<\/p>\n<p style=\"padding-left: 30px;\"><a title=\"Link zur Website der Robert Bosch Stiftung\" href=\"http:\/\/www.bosch-stiftung.de\/content\/language1\/html\/index.asp\" target=\"_blank\" rel=\"noopener noreferrer\">Robert Bosch Stiftung<\/a><\/p>\n<p style=\"padding-left: 30px;\"><a title=\"Link zur Website der Scheck-Stiftung\" href=\"http:\/\/www.scheck-stiftung.de\/\" target=\"_blank\" rel=\"noopener noreferrer\">Scheck-Stiftung<\/a><\/p>\n<p style=\"padding-left: 30px;\">SoulReport<\/p>\n<p style=\"padding-left: 30px;\"><a href=\"https:\/\/www.hamburgerwohnen.de\/ueber-uns\/stiftung.html\" target=\"_blank\" rel=\"noopener noreferrer\">Stiftung Hamburger Wohnen<\/a><\/p>\n<p style=\"padding-left: 30px;\">stories! Die Buchhandlung<\/p>\n<p style=\"padding-left: 30px;\"><a title=\"matzen-stiftung.beepworld.de\" href=\"http:\/\/matzen-stiftung.beepworld.de\/\" target=\"_blank\" rel=\"noopener noreferrer\">Thomas J.C. und Angelika Matzen-Stiftung<\/a><\/p>\n<p style=\"padding-left: 30px;\">Wilma Krug Stiftung<\/p>\n<p>Der Vorstand <span style=\"color: #1f7d87;\">dankt<\/span> den genannten Stiftungen und F\u00f6rderern sowie vielen ungenannten Spendern sehr <span style=\"color: #1f7d87;\">herzlich<\/span> f\u00fcr die gro\u00dfz\u00fcgige Unterst\u00fctzung, auch im Namen der teilnehmenden Sch\u00fcler.<\/p>\n<p><strong>F\u00fcr tatkr\u00e4ftige und gro\u00dfz\u00fcgige <span style=\"color: #008000;\">Hilfe<\/span> bei der Umsetzung des Projekts &#8222;Hamburger Sommerschule&#8220; danken wir au\u00dferdem sehr <span style=\"color: #c71a1a;\">herzlich<\/span>:<\/strong><\/p>\n<p style=\"padding-left: 30px;\">hattemer. Agentur f\u00fcr Kommunikation (Konzept &amp; Design)<\/p>\n<p style=\"padding-left: 30px;\">Brandel &amp; Gerlach\u00a0(Programmierung)<\/p>\n<p style=\"padding-left: 30px;\">Deutsche Bank AG (Girokonto)<\/p>\n<p style=\"padding-left: 30px;\">Die Bildbeschaffer (Bildrecherche und -einkauf)<\/p>\n<p style=\"padding-left: 30px;\">Dierkes Partner (steuerliche Beratung)<\/p>\n<p style=\"padding-left: 30px;\">Regine Schrempf (Consultant Werbung)<\/p>\n<p style=\"padding-left: 30px;\">magicfarm GmbH &amp; Co. KG (Video Postproduction)<\/p>\n<p style=\"padding-left: 30px;\">Tonhaus Audio Postproduktion GmbH (Postproduktion)<\/p>\n<p style=\"padding-left: 30px;\">\n","protected":false},"excerpt":{"rendered":"<p>Wir danken unseren F\u00f6rderern Die Kosten f\u00fcr die Sommercamps wurden seit dem ersten Sommercamp im Jahr 2012 zum Teil \u00fcber Einzelspenden und Mitgliedsbeitr\u00e4ge, im Wesentlichen jedoch durch gro\u00dfz\u00fcgige Zuwendungen unter anderem folgender Stiftungen, Vereine und Unternehmen gedeckt (in alphabetischer Reihenfolge): Alexander Gruner Stiftung Aurubis AG B\u00f6ttcher Stiftung Bremer Stiftung f\u00fcr Caritas und Hilfe in der&#8230;  <a href=\"https:\/\/sommerschule.org\/site\/verein\/forderer\/\" title=\"Read F\u00f6rderer\">Read more &raquo;<\/a><\/p>\n","protected":false},"author":1,"featured_media":0,"parent":59,"menu_order":0,"comment_status":"closed","ping_status":"closed","template":"","meta":{"footnotes":""},"class_list":["post-72","page","type-page","status-publish","hentry"],"_links":{"self":[{"href":"https:\/\/sommerschule.org\/site\/wp-json\/wp\/v2\/pages\/72","targetHints":{"allow":["GET"]}}],"collection":[{"href":"https:\/\/sommerschule.org\/site\/wp-json\/wp\/v2\/pages"}],"about":[{"href":"https:\/\/sommerschule.org\/site\/wp-json\/wp\/v2\/types\/page"}],"author":[{"embeddable":true,"href":"https:\/\/sommerschule.org\/site\/wp-json\/wp\/v2\/users\/1"}],"replies":[{"embeddable":true,"href":"https:\/\/sommerschule.org\/site\/wp-json\/wp\/v2\/comments?post=72"}],"version-history":[{"count":65,"href":"https:\/\/sommerschule.org\/site\/wp-json\/wp\/v2\/pages\/72\/revisions"}],"predecessor-version":[{"id":3299,"href":"https:\/\/sommerschule.org\/site\/wp-json\/wp\/v2\/pages\/72\/revisions\/3299"}],"up":[{"embeddable":true,"href":"https:\/\/sommerschule.org\/site\/wp-json\/wp\/v2\/pages\/59"}],"wp:attachment":[{"href":"https:\/\/sommerschule.org\/site\/wp-json\/wp\/v2\/media?parent=72"}],"curies":[{"name":"wp","href":"https:\/\/api.w.org\/{rel}","templated":true}]}}

Förderer

<h2>Wir danken unseren Förderern</h2>
<p>Die Kosten für die Sommercamps wurden seit dem ersten Sommercamp im Jahr 2012 zum Teil über Einzelspenden und Mitgliedsbeiträge, im Wesentlichen jedoch durch <span style="color: #800000;"><strong>großzügige Zuwendungen</strong></span> unter anderem folgender Stiftungen, Vereine und Unternehmen gedeckt (in alphabetischer Reihenfolge):</p>
<p style="padding-left: 30px;"><a href="https://www.alexander-gruner-stiftung.de/" target="_blank" rel="noopener noreferrer">Alexander Gruner Stiftung</a></p>
<p style="padding-left: 30px;">Aurubis AG</p>
<p style="padding-left: 30px;">Böttcher Stiftung</p>
<p style="padding-left: 30px;"><a href="http://bresche.com/" target="_blank" rel="noopener noreferrer">Bremer Stiftung für Caritas und Hilfe in der Entwicklung “bresche”</a></p>
<p style="padding-left: 30px;">Buchhandlung Heymann</p>
<p style="padding-left: 30px;"><a title="www.buhck-stiftung.de" href="http://www.buhck-stiftung.de/" target="_blank" rel="noopener noreferrer">Buhck-Stiftung</a></p>
<p style="padding-left: 30px;"><a href="http://sommerschule.org/site/wp-content/uploads/2019/11/BSH_Logo_CMYK.jpg" rel="lightbox[72]"><img loading="lazy" decoding="async" class="alignnone wp-image-2930" src="http://sommerschule.org/site/wp-content/uploads/2019/11/BSH_Logo_CMYK.jpg" alt="" width="116" height="81" srcset="https://sommerschule.org/site/wp-content/uploads/2019/11/BSH_Logo_CMYK.jpg 689w, https://sommerschule.org/site/wp-content/uploads/2019/11/BSH_Logo_CMYK-300x210.jpg 300w" sizes="auto, (max-width: 116px) 100vw, 116px" /></a> <a href="https://www.buergerstiftung-hamburg.de/" target="_blank" rel="noopener noreferrer">BürgerStiftung Hamburg</a></p>
<p style="padding-left: 30px;">Carlsen Verlag</p>
<p style="padding-left: 30px;"><a href="http://www.claussen-simon-stiftung.de/stiftung.html" target="_blank" rel="noopener noreferrer">Claussen-Simon-Stiftung</a></p>
<p style="padding-left: 30px;">CMS Hasche Sigle</p>
<p style="padding-left: 30px;">Commerzbank AG</p>
<p style="padding-left: 30px;">Der Schrippenkurier</p>
<p style="padding-left: 30px;">Domaine des Féraud</p>
<p style="padding-left: 30px;"><a href="https://edmundsiemers-stiftung.de/" target="_blank" rel="noopener">Edmund Siemers-Stiftung</a></p>
<p style="padding-left: 30px;">Erich und Agnes Zühr Stiftung</p>
<p style="padding-left: 30px;"><a href="https://www.spendenparlament.de/#" target="_blank" rel="noopener noreferrer">Hamburger Spendenparlament</a></p>
<p style="padding-left: 30px;">Harald A. und Ingeborg L. Hartog-Stiftung</p>
<p style="padding-left: 30px;"><a href="https://www.haydn-orchester.de/" target="_blank" rel="noopener noreferrer">Haydn-Orchester Hamburg</a></p>
<p style="padding-left: 30px;">Hugo Meyer-Nachfahren-Stiftung</p>
<p style="padding-left: 30px;"><a href="https://www.karan-stiftung.com/" target="_blank" rel="noopener noreferrer">Ian und Barbara Karan Stiftung</a></p>
<p style="padding-left: 30px;"><a href="https://www.joachim-herz-stiftung.de/" target="_blank" rel="noopener noreferrer">Joachim Herz Stiftung</a></p>
<p style="padding-left: 30px;"><a href="http://www.juergen-sengpiel-stiftung.de/" target="_blank" rel="noopener noreferrer">Jürgen Sengpiel Stiftung</a></p>
<p style="padding-left: 30px;"><a href="https://www.kinderlicht.de/" target="_blank" rel="noopener noreferrer">Kinderlicht e.V.</a></p>
<p style="padding-left: 30px;">K.S. Fischer Stiftung</p>
<p style="padding-left: 30px;">Mayfair SE</p>
<p style="padding-left: 30px;">Moser Stiftung</p>
<p style="padding-left: 30px;"><a href="https://petermoehrle-stiftung.de/" target="_blank" rel="noopener">Peter Möhrle Stiftung</a></p>
<p style="padding-left: 30px;">Peter Hilft!</p>
<p style="padding-left: 30px;"><a href="http://www.radiohamburg.de/Programm/Hoerer-helfen-Kindern" target="_blank" rel="noopener noreferrer">Radio Hamburg Hörer helfen Kindern e.V.</a></p>
<p style="padding-left: 30px;"><a href="https://rating-stiftung.de/" target="_blank" rel="noopener noreferrer">Rating Stiftung</a></p>
<p style="padding-left: 30px;">Reederei Nord GmbH</p>
<p style="padding-left: 30px;"><a title="Link zur Website der Robert Bosch Stiftung" href="http://www.bosch-stiftung.de/content/language1/html/index.asp" target="_blank" rel="noopener noreferrer">Robert Bosch Stiftung</a></p>
<p style="padding-left: 30px;"><a title="Link zur Website der Scheck-Stiftung" href="http://www.scheck-stiftung.de/" target="_blank" rel="noopener noreferrer">Scheck-Stiftung</a></p>
<p style="padding-left: 30px;">SoulReport</p>
<p style="padding-left: 30px;"><a href="https://www.hamburgerwohnen.de/ueber-uns/stiftung.html" target="_blank" rel="noopener noreferrer">Stiftung Hamburger Wohnen</a></p>
<p style="padding-left: 30px;">stories! Die Buchhandlung</p>
<p style="padding-left: 30px;"><a title="matzen-stiftung.beepworld.de" href="http://matzen-stiftung.beepworld.de/" target="_blank" rel="noopener noreferrer">Thomas J.C. und Angelika Matzen-Stiftung</a></p>
<p style="padding-left: 30px;">Wilma Krug Stiftung</p>
<p>Der Vorstand <span style="color: #1f7d87;">dankt</span> den genannten Stiftungen und Förderern sowie vielen ungenannten Spendern sehr <span style="color: #1f7d87;">herzlich</span> für die großzügige Unterstützung, auch im Namen der teilnehmenden Schüler.</p>
<p><strong>Für tatkräftige und großzügige <span style="color: #008000;">Hilfe</span> bei der Umsetzung des Projekts &#8222;Hamburger Sommerschule&#8220; danken wir außerdem sehr <span style="color: #c71a1a;">herzlich</span>:</strong></p>
<p style="padding-left: 30px;">hattemer. Agentur für Kommunikation (Konzept &amp; Design)</p>
<p style="padding-left: 30px;">Brandel &amp; Gerlach (Programmierung)</p>
<p style="padding-left: 30px;">Deutsche Bank AG (Girokonto)</p>
<p style="padding-left: 30px;">Die Bildbeschaffer (Bildrecherche und -einkauf)</p>
<p style="padding-left: 30px;">Dierkes Partner (steuerliche Beratung)</p>
<p style="padding-left: 30px;">Regine Schrempf (Consultant Werbung)</p>
<p style="padding-left: 30px;">magicfarm GmbH &amp; Co. KG (Video Postproduction)</p>
<p style="padding-left: 30px;">Tonhaus Audio Postproduktion GmbH (Postproduktion)</p>
<p style="padding-left: 30px;">

<p>Wir danken unseren Förderern Die Kosten für die Sommercamps wurden seit dem ersten Sommercamp im Jahr 2012 zum Teil über Einzelspenden und Mitgliedsbeiträge, im Wesentlichen jedoch durch großzügige Zuwendungen unter anderem folgender Stiftungen, Vereine und Unternehmen gedeckt (in alphabetischer Reihenfolge): Alexander Gruner Stiftung Aurubis AG Böttcher Stiftung Bremer Stiftung für Caritas und Hilfe in der&#8230;  <a href="https://sommerschule.org/site/verein/forderer/" title="Read Förderer">Read more &raquo;</a></p>
