{"id":50,"date":"2012-03-16T18:15:22","date_gmt":"2012-03-16T18:15:22","guid":{"rendered":"http:\/\/sommerschule.org\/site\/?page_id=50"},"modified":"2022-10-24T10:42:30","modified_gmt":"2022-10-24T10:42:30","slug":"studien","status":"publish","type":"page","link":"https:\/\/sommerschule.org\/site\/hintergrund\/studien\/","title":{"rendered":"Studien"},"content":{"rendered":"<h2>Das Sommercamp gegen schulische &#8222;Sommerl\u00fccken&#8220;<\/h2>\n<p>Das Sommercamp gegen schulische \u201eSommerl\u00fccken\u201c. Ausgangspunkt der Initiative der Hamburger Sommerschule e.V. waren die sogenannten \u201eSommerl\u00f6cher&#8220; oder \u201eSommerl\u00fccken&#8220;: Bildungswissenschaftler wie Prof. J\u00fcrgen Baumert und Prof. Petra Stanat haben festgestellt, dass sich der Wissensabstand zwischen Kindern aus bildungsnahen und Kindern aus bildungsfernen Familien in den Sommerferien vergr\u00f6\u00dfert.<\/p>\n<p>W\u00f6rtlich sagte Prof. Baumert in der <a title=\"Link zum Artikel &quot;Schule ist die gro\u00dfe Gleichmacherin&quot;\" href=\"http:\/\/www.zeit.de\/2008\/39\/C-Interview-Baumert\" target=\"_blank\" rel=\"noopener noreferrer\">ZEIT vom 18. September 2008<\/a>: <em>Die Schule ist die gro\u00dfe Gleichmacherin der Nation. \u00dcberall h\u00e4lt sie die Kinder sozial st\u00e4rker zusammen als die Familien. In einer Langzeitstudie wurden in Baltimore Kinder von der Einschulung bis zur Highschool immer wieder vor und nach der Sommerpause getestet. Die Leistungskurven der Kinder aus unterschiedlichen Sozialschichten verliefen w\u00e4hrend der Schulzeit parallel. Erst in den Ferien, wenn die Kinder nur dem Einfluss der Familie und Nachbarschaft ausgesetzt waren, gingen sie auseinander. Eine Untersuchung, die wir k\u00fcrzlich in Berlin durchgef\u00fchrt haben, belegt diesen Sommerlocheffekt auch f\u00fcr die kurzen deutschen Ferien: Kinder aus sozial benachteiligten Schichten und Zuwanderer lernen in dieser Zeit weniger dazu als Schulkameraden aus beg\u00fcterten Schichten.<\/em><\/p>\n<p>W\u00e4hrend ein Teil der Kinder sich in den Ferien weiterentwickelt oder zumindest den Lernstand h\u00e4lt, fallen die Kinder aus der zweiten Gruppe eher hinter den Wissensstand zur\u00fcck, den sie vor den Sommerferien hatten. Bildungswissenschaftler haben festgestellt, dass die Sommerferien zu den \u201esch\u00e4dlichsten&#8220; Einfl\u00fcssen auf den Lernerfolg geh\u00f6ren (siehe Olaf K\u00f6ller, Individuelle und institutionelle Voraussetzungen schulischer Leistungen, Kolloquium: Theorie und Praxis der P\u00e4dagogisch-Psychologischen Interventionsforschung, Gie\u00dfen, 10.11.2010). Die &#8222;Sommerl\u00fccke&#8220; wird in einem Bericht der NASBE (National Association of State Boards of Education) wie folgt verdeutlicht:<\/p>\n<a href=\"http:\/\/sommerschule.org\/site\/wp-content\/uploads\/2013\/11\/Grafik-Sommerl\u00fccke.png\" rel=\"lightbox[50]\"><img loading=\"lazy\" decoding=\"async\" class=\"size-medium wp-image-1282 aligncenter\" src=\"http:\/\/sommerschule.org\/site\/wp-content\/uploads\/2013\/11\/Grafik-Sommerl\u00fccke-300x199.png\" alt=\"Grafik Sommerl\u00fccke\" width=\"327\" height=\"217\" srcset=\"https:\/\/sommerschule.org\/site\/wp-content\/uploads\/2013\/11\/Grafik-Sommerl\u00fccke-300x199.png 300w, https:\/\/sommerschule.org\/site\/wp-content\/uploads\/2013\/11\/Grafik-Sommerl\u00fccke-1024x681.png 1024w, https:\/\/sommerschule.org\/site\/wp-content\/uploads\/2013\/11\/Grafik-Sommerl\u00fccke.png 1128w\" sizes=\"auto, (max-width: 327px) 100vw, 327px\" \/><\/a>\n<p>Anschaulich beschreibt der Bestseller-Autor Malcolm Gladwell die &#8222;Sommerl\u00fccke&#8220; im dritten Abschnitt des Kapitels 9 seines Buchs &#8222;\u00dcberflieger&#8220; (englisches Original: &#8222;Outliers&#8220;).<\/p>\n<p>Die wissenschaftliche Auswertung der Projekte der Ferienf\u00f6rderung hat auch gezeigt, dass die gemeinsame Ferienfreizeit und das gemeinsame Lernen das Selbstbewusstsein der Sch\u00fcler st\u00e4rken und ihre Motivation f\u00f6rdert. Es ist allgemein bekannt, dass Jugendliche, die in ihrer Entwicklung hin zu einer eigenen Pers\u00f6nlichkeit gef\u00f6rdert werden, ihr Leben positiver und selbstbestimmter gestalten k\u00f6nnen.<\/p>\n<p>Dass der Bedarf an F\u00f6rderung der Deutschkenntnisse vor allem in sozio-\u00f6konomisch schwachen Stadtteilen leider hoch bleibt, best\u00e4tigt die internationale Vergleichsstudie <a href=\"http:\/\/www.ifs.tu-dortmund.de\/cms\/de\/Forschung\/Gesamtliste-Laufende-Projekte\/IGLU-PIRLS-2016.html\">IGLU <\/a>: 2016 erreichten 18,9 % der Viertkl\u00e4ssler in Deutschland nicht die Kompetenzstufe III, verf\u00fcgen also \u00fcber ein nicht ausreichendes Leistungsniveau im Lesen und werden deshalb voraussichtlich mit erheblichen Schwierigkeiten beim Lernen in allen F\u00e4chern in der Sekundarstufe I konfrontiert sein. Nur ein Drittel der leseschwachen Sch\u00fcler in Deutschland erh\u00e4lt eine\u00a0zus\u00e4tzliche schulische F\u00f6rderung im Lesen. Und: Deutschland z\u00e4hlt zu den L\u00e4ndern mit den gr\u00f6\u00dften sozial bedingten Disparit\u00e4ten in den Leseleistungen. Die Studie zeigt: Ein positives Leseselbstkonzept und h\u00e4ufiges Lesen zum Vergn\u00fcgen vermindern betr\u00e4chtlich das Risiko, am Ende der Grundschulzeit \u00fcber nicht anschlussf\u00e4hige Leseleistungen zu verf\u00fcgen.<\/p>\n<p>Durch die Coronavirus-Pandemie hat sich leider die Lage verschlechtert. Im Vergleich zum Jahr 2016 sind die Kompetenzen 2021 um etwa einem Drittel eines Schuljahres im Lesen, einem halben Schuljahr im Zuh\u00f6ren sowie jeweils einem Viertel eines Schuljahres in der Orthografie und im Fach Mathematik zur\u00fcckgegangen, so die Ergebnisse des &#8222;<a href=\"https:\/\/www.kmk.org\/themen\/qualitaetssicherung-in-schulen\/bildungsmonitoring\/ueberpruefungumsetzung-der-bildungsstandards\/bildungstrend-2021.html\" target=\"_blank\" rel=\"noopener noreferrer\">Bildungstrends 2021<\/a>&#8220; des <a href=\"https:\/\/www.iqb.hu-berlin.de\/bt\/BT2021\/Bericht\" target=\"_blank\" rel=\"noopener noreferrer\">IQB<\/a>.<\/p>\n","protected":false},"excerpt":{"rendered":"<p>Das Sommercamp gegen schulische &#8222;Sommerl\u00fccken&#8220; Das Sommercamp gegen schulische \u201eSommerl\u00fccken\u201c. Ausgangspunkt der Initiative der Hamburger Sommerschule e.V. waren die sogenannten \u201eSommerl\u00f6cher&#8220; oder \u201eSommerl\u00fccken&#8220;: Bildungswissenschaftler wie Prof. J\u00fcrgen Baumert und Prof. Petra Stanat haben festgestellt, dass sich der Wissensabstand zwischen Kindern aus bildungsnahen und Kindern aus bildungsfernen Familien in den Sommerferien vergr\u00f6\u00dfert. W\u00f6rtlich sagte Prof. Baumert&#8230;  <a href=\"https:\/\/sommerschule.org\/site\/hintergrund\/studien\/\" title=\"Read Studien\">Read more &raquo;<\/a><\/p>\n","protected":false},"author":1,"featured_media":0,"parent":48,"menu_order":0,"comment_status":"closed","ping_status":"closed","template":"","meta":{"footnotes":""},"class_list":["post-50","page","type-page","status-publish","hentry"],"_links":{"self":[{"href":"https:\/\/sommerschule.org\/site\/wp-json\/wp\/v2\/pages\/50","targetHints":{"allow":["GET"]}}],"collection":[{"href":"https:\/\/sommerschule.org\/site\/wp-json\/wp\/v2\/pages"}],"about":[{"href":"https:\/\/sommerschule.org\/site\/wp-json\/wp\/v2\/types\/page"}],"author":[{"embeddable":true,"href":"https:\/\/sommerschule.org\/site\/wp-json\/wp\/v2\/users\/1"}],"replies":[{"embeddable":true,"href":"https:\/\/sommerschule.org\/site\/wp-json\/wp\/v2\/comments?post=50"}],"version-history":[{"count":14,"href":"https:\/\/sommerschule.org\/site\/wp-json\/wp\/v2\/pages\/50\/revisions"}],"predecessor-version":[{"id":3193,"href":"https:\/\/sommerschule.org\/site\/wp-json\/wp\/v2\/pages\/50\/revisions\/3193"}],"up":[{"embeddable":true,"href":"https:\/\/sommerschule.org\/site\/wp-json\/wp\/v2\/pages\/48"}],"wp:attachment":[{"href":"https:\/\/sommerschule.org\/site\/wp-json\/wp\/v2\/media?parent=50"}],"curies":[{"name":"wp","href":"https:\/\/api.w.org\/{rel}","templated":true}]}}

<h2>Das Sommercamp gegen schulische &#8222;Sommerlücken&#8220;</h2>
<p>Das Sommercamp gegen schulische „Sommerlücken“. Ausgangspunkt der Initiative der Hamburger Sommerschule e.V. waren die sogenannten „Sommerlöcher&#8220; oder „Sommerlücken&#8220;: Bildungswissenschaftler wie Prof. Jürgen Baumert und Prof. Petra Stanat haben festgestellt, dass sich der Wissensabstand zwischen Kindern aus bildungsnahen und Kindern aus bildungsfernen Familien in den Sommerferien vergrößert.</p>
<p>Wörtlich sagte Prof. Baumert in der <a title="Link zum Artikel &quot;Schule ist die große Gleichmacherin&quot;" href="http://www.zeit.de/2008/39/C-Interview-Baumert" target="_blank" rel="noopener noreferrer">ZEIT vom 18. September 2008</a>: <em>Die Schule ist die große Gleichmacherin der Nation. Überall hält sie die Kinder sozial stärker zusammen als die Familien. In einer Langzeitstudie wurden in Baltimore Kinder von der Einschulung bis zur Highschool immer wieder vor und nach der Sommerpause getestet. Die Leistungskurven der Kinder aus unterschiedlichen Sozialschichten verliefen während der Schulzeit parallel. Erst in den Ferien, wenn die Kinder nur dem Einfluss der Familie und Nachbarschaft ausgesetzt waren, gingen sie auseinander. Eine Untersuchung, die wir kürzlich in Berlin durchgeführt haben, belegt diesen Sommerlocheffekt auch für die kurzen deutschen Ferien: Kinder aus sozial benachteiligten Schichten und Zuwanderer lernen in dieser Zeit weniger dazu als Schulkameraden aus begüterten Schichten.</em></p>
<p>Während ein Teil der Kinder sich in den Ferien weiterentwickelt oder zumindest den Lernstand hält, fallen die Kinder aus der zweiten Gruppe eher hinter den Wissensstand zurück, den sie vor den Sommerferien hatten. Bildungswissenschaftler haben festgestellt, dass die Sommerferien zu den „schädlichsten&#8220; Einflüssen auf den Lernerfolg gehören (siehe Olaf Köller, Individuelle und institutionelle Voraussetzungen schulischer Leistungen, Kolloquium: Theorie und Praxis der Pädagogisch-Psychologischen Interventionsforschung, Gießen, 10.11.2010). Die &#8222;Sommerlücke&#8220; wird in einem Bericht der NASBE (National Association of State Boards of Education) wie folgt verdeutlicht:</p>
<a href="http://sommerschule.org/site/wp-content/uploads/2013/11/Grafik-Sommerlücke.png" rel="lightbox[50]"><img loading="lazy" decoding="async" class="size-medium wp-image-1282 aligncenter" src="http://sommerschule.org/site/wp-content/uploads/2013/11/Grafik-Sommerlücke-300x199.png" alt="Grafik Sommerlücke" width="327" height="217" srcset="https://sommerschule.org/site/wp-content/uploads/2013/11/Grafik-Sommerlücke-300x199.png 300w, https://sommerschule.org/site/wp-content/uploads/2013/11/Grafik-Sommerlücke-1024x681.png 1024w, https://sommerschule.org/site/wp-content/uploads/2013/11/Grafik-Sommerlücke.png 1128w" sizes="auto, (max-width: 327px) 100vw, 327px" /></a>
<p>Anschaulich beschreibt der Bestseller-Autor Malcolm Gladwell die &#8222;Sommerlücke&#8220; im dritten Abschnitt des Kapitels 9 seines Buchs &#8222;Überflieger&#8220; (englisches Original: &#8222;Outliers&#8220;).</p>
<p>Die wissenschaftliche Auswertung der Projekte der Ferienförderung hat auch gezeigt, dass die gemeinsame Ferienfreizeit und das gemeinsame Lernen das Selbstbewusstsein der Schüler stärken und ihre Motivation fördert. Es ist allgemein bekannt, dass Jugendliche, die in ihrer Entwicklung hin zu einer eigenen Persönlichkeit gefördert werden, ihr Leben positiver und selbstbestimmter gestalten können.</p>
<p>Dass der Bedarf an Förderung der Deutschkenntnisse vor allem in sozio-ökonomisch schwachen Stadtteilen leider hoch bleibt, bestätigt die internationale Vergleichsstudie <a href="http://www.ifs.tu-dortmund.de/cms/de/Forschung/Gesamtliste-Laufende-Projekte/IGLU-PIRLS-2016.html">IGLU </a>: 2016 erreichten 18,9 % der Viertklässler in Deutschland nicht die Kompetenzstufe III, verfügen also über ein nicht ausreichendes Leistungsniveau im Lesen und werden deshalb voraussichtlich mit erheblichen Schwierigkeiten beim Lernen in allen Fächern in der Sekundarstufe I konfrontiert sein. Nur ein Drittel der leseschwachen Schüler in Deutschland erhält eine zusätzliche schulische Förderung im Lesen. Und: Deutschland zählt zu den Ländern mit den größten sozial bedingten Disparitäten in den Leseleistungen. Die Studie zeigt: Ein positives Leseselbstkonzept und häufiges Lesen zum Vergnügen vermindern beträchtlich das Risiko, am Ende der Grundschulzeit über nicht anschlussfähige Leseleistungen zu verfügen.</p>
<p>Durch die Coronavirus-Pandemie hat sich leider die Lage verschlechtert. Im Vergleich zum Jahr 2016 sind die Kompetenzen 2021 um etwa einem Drittel eines Schuljahres im Lesen, einem halben Schuljahr im Zuhören sowie jeweils einem Viertel eines Schuljahres in der Orthografie und im Fach Mathematik zurückgegangen, so die Ergebnisse des &#8222;<a href="https://www.kmk.org/themen/qualitaetssicherung-in-schulen/bildungsmonitoring/ueberpruefungumsetzung-der-bildungsstandards/bildungstrend-2021.html" target="_blank" rel="noopener noreferrer">Bildungstrends 2021</a>&#8220; des <a href="https://www.iqb.hu-berlin.de/bt/BT2021/Bericht" target="_blank" rel="noopener noreferrer">IQB</a>.</p>

<p>Das Sommercamp gegen schulische &#8222;Sommerlücken&#8220; Das Sommercamp gegen schulische „Sommerlücken“. Ausgangspunkt der Initiative der Hamburger Sommerschule e.V. waren die sogenannten „Sommerlöcher&#8220; oder „Sommerlücken&#8220;: Bildungswissenschaftler wie Prof. Jürgen Baumert und Prof. Petra Stanat haben festgestellt, dass sich der Wissensabstand zwischen Kindern aus bildungsnahen und Kindern aus bildungsfernen Familien in den Sommerferien vergrößert. Wörtlich sagte Prof. Baumert&#8230;  <a href="https://sommerschule.org/site/hintergrund/studien/" title="Read Studien">Read more &raquo;</a></p>
