{"id":2851,"date":"2019-08-11T08:57:02","date_gmt":"2019-08-11T08:57:02","guid":{"rendered":"http:\/\/sommerschule.org\/site\/?page_id=2851"},"modified":"2020-06-08T16:21:36","modified_gmt":"2020-06-08T16:21:36","slug":"herbstcamp","status":"publish","type":"page","link":"https:\/\/sommerschule.org\/site\/sommercamp\/herbstcamp\/","title":{"rendered":"Herbstcamp"},"content":{"rendered":"<h2>Das Herbstcamp<\/h2>\n<p>Im Jahr 2019 haben wir zum ersten Mal ein &#8222;Herbstcamp&#8220; angeboten, an dem Sch\u00fcler aus unseren Sommercamps teilnehmen konnten. Das war eine Woche Ferien auf einem <strong><span style=\"color: #000080;\">Reiterhof<\/span> <\/strong>in Schleswig-Holstein. Neben spielerischem Deutschunterricht, Basteln und Spielen stand hier das Ponyreiten im Mittelpunkt. Die 12 Kinder wurden von einem netten Team aus Deutschp\u00e4dagogen, Betreuern und Reitlehrern unter der Leitung von der erfahrenen Reitlehrerin Sarah de Boer-Stut begleitet und umsorgt.<\/p>\n<div id=\"attachment_2872\" style=\"width: 209px\" class=\"wp-caption alignleft\"><a href=\"http:\/\/sommerschule.org\/site\/wp-content\/uploads\/2019\/04\/Lindenhof1-1.jpg\" rel=\"lightbox[2851]\"><img loading=\"lazy\" decoding=\"async\" aria-describedby=\"caption-attachment-2872\" class=\"wp-image-2872 size-medium\" src=\"http:\/\/sommerschule.org\/site\/wp-content\/uploads\/2019\/04\/Lindenhof1-1-199x300.jpg\" alt=\"Ponyreiten auf dem Lindenhof\" width=\"199\" height=\"300\" srcset=\"https:\/\/sommerschule.org\/site\/wp-content\/uploads\/2019\/04\/Lindenhof1-1-199x300.jpg 199w, https:\/\/sommerschule.org\/site\/wp-content\/uploads\/2019\/04\/Lindenhof1-1-768x1157.jpg 768w, https:\/\/sommerschule.org\/site\/wp-content\/uploads\/2019\/04\/Lindenhof1-1-680x1024.jpg 680w, https:\/\/sommerschule.org\/site\/wp-content\/uploads\/2019\/04\/Lindenhof1-1.jpg 1062w\" sizes=\"auto, (max-width: 199px) 100vw, 199px\" \/><\/a><p id=\"caption-attachment-2872\" class=\"wp-caption-text\">Ponyreiten auf dem Lindenhof<\/p><\/div>\n<p>Am Sonntag, den 6. Oktober 2019, kamen die Kinder nachmittags an und durfte dann in aller Ruhe den Hof erkunden und die niedlichen Ponys kennenlernen und die neu geborenen K\u00e4tzchen streicheln. Am Montag beginnt das eigentliche Programm. An allen Werktagen hatten die Kinder nach dem Fr\u00fchst\u00fcck erst mal Deutschunterricht. Danach wurde gebastelt, T-Shirts bemalt, gebacken oder gespielt. Nach dem Mittagessen hatten die Kinder Reitunterricht. Vorher konnten sie helfen, die Ponys zu putzen, und mit ihnen kuscheln. Beim Reitunterricht sollten die Kinder nicht \u00fcberfordert werden; vielmehr ging es vor allem darum, ihnen die Angst vor dem Unbekannten zu nehmen, und Spa\u00df zu haben. Nach dem Abendessen wurden noch in gem\u00fctlicher Runde Geschichten vorgelesen. Am Ende der Woche stand die Pr\u00fcfung f\u00fcr den Pony-Pass, die alle Kinder bestanden haben. Am Samstag, den 12. Oktober 2019 ging es am Vormittag zur\u00fcck nach Hamburg.<\/p>\n<p>Das Herbstcamp fand in der Zeit vom <span style=\"color: #000000;\">6. bis 12. Oktober 2019 <\/span>in den Hamburger Herbstferien auf dem <a href=\"https:\/\/www.philipp-stut.de\/reiten-f%C3%BCr-kinder\/\" target=\"_blank\" rel=\"noopener noreferrer\"><strong><span style=\"color: #993300;\">Lindenhof<\/span><\/strong><\/a> in <a href=\"https:\/\/goo.gl\/maps\/yRhXoQ3xVeN2\" target=\"_blank\" rel=\"noopener noreferrer\">Heidgraben<\/a> bei Uetersen statt, ca. 40 km von der Hamburger Innenstadt entfernt.<\/p>\n","protected":false},"excerpt":{"rendered":"<p>Das Herbstcamp Im Jahr 2019 haben wir zum ersten Mal ein &#8222;Herbstcamp&#8220; angeboten, an dem Sch\u00fcler aus unseren Sommercamps teilnehmen konnten. Das war eine Woche Ferien auf einem Reiterhof in Schleswig-Holstein. Neben spielerischem Deutschunterricht, Basteln und Spielen stand hier das Ponyreiten im Mittelpunkt. Die 12 Kinder wurden von einem netten Team aus Deutschp\u00e4dagogen, Betreuern und&#8230;  <a href=\"https:\/\/sommerschule.org\/site\/sommercamp\/herbstcamp\/\" title=\"Read Herbstcamp\">Read more &raquo;<\/a><\/p>\n","protected":false},"author":2,"featured_media":0,"parent":12,"menu_order":7,"comment_status":"closed","ping_status":"closed","template":"","meta":{"footnotes":""},"class_list":["post-2851","page","type-page","status-publish","hentry"],"_links":{"self":[{"href":"https:\/\/sommerschule.org\/site\/wp-json\/wp\/v2\/pages\/2851","targetHints":{"allow":["GET"]}}],"collection":[{"href":"https:\/\/sommerschule.org\/site\/wp-json\/wp\/v2\/pages"}],"about":[{"href":"https:\/\/sommerschule.org\/site\/wp-json\/wp\/v2\/types\/page"}],"author":[{"embeddable":true,"href":"https:\/\/sommerschule.org\/site\/wp-json\/wp\/v2\/users\/2"}],"replies":[{"embeddable":true,"href":"https:\/\/sommerschule.org\/site\/wp-json\/wp\/v2\/comments?post=2851"}],"version-history":[{"count":17,"href":"https:\/\/sommerschule.org\/site\/wp-json\/wp\/v2\/pages\/2851\/revisions"}],"predecessor-version":[{"id":3004,"href":"https:\/\/sommerschule.org\/site\/wp-json\/wp\/v2\/pages\/2851\/revisions\/3004"}],"up":[{"embeddable":true,"href":"https:\/\/sommerschule.org\/site\/wp-json\/wp\/v2\/pages\/12"}],"wp:attachment":[{"href":"https:\/\/sommerschule.org\/site\/wp-json\/wp\/v2\/media?parent=2851"}],"curies":[{"name":"wp","href":"https:\/\/api.w.org\/{rel}","templated":true}]}}

<h2>Das Herbstcamp</h2>
<p>Im Jahr 2019 haben wir zum ersten Mal ein &#8222;Herbstcamp&#8220; angeboten, an dem Schüler aus unseren Sommercamps teilnehmen konnten. Das war eine Woche Ferien auf einem <strong><span style="color: #000080;">Reiterhof</span> </strong>in Schleswig-Holstein. Neben spielerischem Deutschunterricht, Basteln und Spielen stand hier das Ponyreiten im Mittelpunkt. Die 12 Kinder wurden von einem netten Team aus Deutschpädagogen, Betreuern und Reitlehrern unter der Leitung von der erfahrenen Reitlehrerin Sarah de Boer-Stut begleitet und umsorgt.</p>
<div id="attachment_2872" style="width: 209px" class="wp-caption alignleft"><a href="http://sommerschule.org/site/wp-content/uploads/2019/04/Lindenhof1-1.jpg" rel="lightbox[2851]"><img loading="lazy" decoding="async" aria-describedby="caption-attachment-2872" class="wp-image-2872 size-medium" src="http://sommerschule.org/site/wp-content/uploads/2019/04/Lindenhof1-1-199x300.jpg" alt="Ponyreiten auf dem Lindenhof" width="199" height="300" srcset="https://sommerschule.org/site/wp-content/uploads/2019/04/Lindenhof1-1-199x300.jpg 199w, https://sommerschule.org/site/wp-content/uploads/2019/04/Lindenhof1-1-768x1157.jpg 768w, https://sommerschule.org/site/wp-content/uploads/2019/04/Lindenhof1-1-680x1024.jpg 680w, https://sommerschule.org/site/wp-content/uploads/2019/04/Lindenhof1-1.jpg 1062w" sizes="auto, (max-width: 199px) 100vw, 199px" /></a><p id="caption-attachment-2872" class="wp-caption-text">Ponyreiten auf dem Lindenhof</p></div>
<p>Am Sonntag, den 6. Oktober 2019, kamen die Kinder nachmittags an und durfte dann in aller Ruhe den Hof erkunden und die niedlichen Ponys kennenlernen und die neu geborenen Kätzchen streicheln. Am Montag beginnt das eigentliche Programm. An allen Werktagen hatten die Kinder nach dem Frühstück erst mal Deutschunterricht. Danach wurde gebastelt, T-Shirts bemalt, gebacken oder gespielt. Nach dem Mittagessen hatten die Kinder Reitunterricht. Vorher konnten sie helfen, die Ponys zu putzen, und mit ihnen kuscheln. Beim Reitunterricht sollten die Kinder nicht überfordert werden; vielmehr ging es vor allem darum, ihnen die Angst vor dem Unbekannten zu nehmen, und Spaß zu haben. Nach dem Abendessen wurden noch in gemütlicher Runde Geschichten vorgelesen. Am Ende der Woche stand die Prüfung für den Pony-Pass, die alle Kinder bestanden haben. Am Samstag, den 12. Oktober 2019 ging es am Vormittag zurück nach Hamburg.</p>
<p>Das Herbstcamp fand in der Zeit vom <span style="color: #000000;">6. bis 12. Oktober 2019 </span>in den Hamburger Herbstferien auf dem <a href="https://www.philipp-stut.de/reiten-f%C3%BCr-kinder/" target="_blank" rel="noopener noreferrer"><strong><span style="color: #993300;">Lindenhof</span></strong></a> in <a href="https://goo.gl/maps/yRhXoQ3xVeN2" target="_blank" rel="noopener noreferrer">Heidgraben</a> bei Uetersen statt, ca. 40 km von der Hamburger Innenstadt entfernt.</p>

<p>Das Herbstcamp Im Jahr 2019 haben wir zum ersten Mal ein &#8222;Herbstcamp&#8220; angeboten, an dem Schüler aus unseren Sommercamps teilnehmen konnten. Das war eine Woche Ferien auf einem Reiterhof in Schleswig-Holstein. Neben spielerischem Deutschunterricht, Basteln und Spielen stand hier das Ponyreiten im Mittelpunkt. Die 12 Kinder wurden von einem netten Team aus Deutschpädagogen, Betreuern und&#8230;  <a href="https://sommerschule.org/site/sommercamp/herbstcamp/" title="Read Herbstcamp">Read more &raquo;</a></p>
