{"id":2170,"date":"2016-11-03T14:14:26","date_gmt":"2016-11-03T14:14:26","guid":{"rendered":"http:\/\/sommerschule.org\/site\/?page_id=2170"},"modified":"2018-08-15T13:52:22","modified_gmt":"2018-08-15T13:52:22","slug":"feedback-von-schulen","status":"publish","type":"page","link":"https:\/\/sommerschule.org\/site\/presse\/feedback-von-schulen\/","title":{"rendered":"Feedback von Schulen"},"content":{"rendered":"<p>Susanne Will, stellvertretende Leiterin der Schule Max-Eichholz-Ring (2016):<\/p>\n<p style=\"padding-left: 30px;\">&#8222;<em>Wir sind dankbar, dass Kinder unserer Schule teilnehmen d\u00fcrfen! <\/em><em>F\u00fcr viele Kinder ist es die erste Erfahrung au\u00dferhalb der Familie, gut betreut von engagierten, extra f\u00fcr das Sommercamp ausgebildeten Helferinnen und Helfern. <\/em><em><strong>Nach dem Sommercamp erleben wir Kinder, die in ihrer Pers\u00f6nlichkeit gest\u00e4rkt zur\u00fcckkommen. <\/strong><\/em><em>Sie haben im Zirkus trainiert, ihre Technik und Taktik beim Fu\u00dfballspielen, im Lesen und beim Schreiben verbessert, ein ganzes Buch gelesen und als Zeitungsreporter gearbeitet &#8211; sie sind Teil eines\u00a0 gro\u00dfen Teams geworden &#8211; eine wunderbare Erfahrung, deutlich sichtbar in der Zirkusvorstellung am Ende der Reise mit den Eltern als Zuschauer. Akrobatik ist schwer. Sich trauen und loslassen ist auch f\u00fcr Eltern nicht immer einfach. Wer wagt, gewinnt! <\/em><em>Wir danken dem Vorstand und ganz besonders auch Frau Berghold \u00a0f\u00fcr ihr Engagement und die gute Betreuung.<\/em><\/p>\n<p>Ein Lehrer zum Sommercamp 2015:<\/p>\n<p style=\"padding-left: 30px;\">&#8222;<em>Die Sch\u00fclerinnen und Sch\u00fcler, die am Sommercamp 2015 teilgenommen haben, berichten freudestrahlend von der sch\u00f6nen Zeit in Gl\u00fccksburg. Die Sommerschule war auf jeden Fall ein voller Erfolg f\u00fcr sie. Dieses Angebot ist wunderbar und hilft f\u00fcr die t\u00e4gliche Arbeit im Klassenraum. <strong>Die teilnehmenden Sch\u00fclerinnen und Sch\u00fcler gewinnen an Selbstvertrauen<\/strong>. Die zwei Wochen bedeuten auch einen Prozess der &#8218;pers\u00f6nlichen Reifung&#8216;. Sie sind stolz auf sich, auf die sch\u00f6nen Erlebnisse, auf die Freunde und die erwachsenen Betreuer, die sie kennengelernt haben. Und ganz besonders auch auf das Abschlussfest mit den Eltern und Geschwistern. Ein gro\u00dfes Dankesch\u00f6n an alle, die in und f\u00fcr Gl\u00fccksburg 2015 mitgearbeitet haben. Und nat\u00fcrlich auch an diejenigen, die f\u00fcr die Finanzierung der Sommerschule sorgen.&#8220;<\/em><\/p>\n<p>Ein\u00a0 Lehrer zu einem Sch\u00fcler, der am Sommercamp 2014 teilgenommen hat:<\/p>\n<p style=\"padding-left: 30px;\"><em>&#8222;Er war begeistert und m\u00f6chte es am liebsten n\u00e4chstes Jahr nochmal machen. Seine <strong>Schrift und Rechtschreibung haben sich auf den ersten Blick auch verbessert<\/strong>. Also ein voller Erfolg!&#8220;<\/em><\/p>\n","protected":false},"excerpt":{"rendered":"<p>Susanne Will, stellvertretende Leiterin der Schule Max-Eichholz-Ring (2016): &#8222;Wir sind dankbar, dass Kinder unserer Schule teilnehmen d\u00fcrfen! F\u00fcr viele Kinder ist es die erste Erfahrung au\u00dferhalb der Familie, gut betreut von engagierten, extra f\u00fcr das Sommercamp ausgebildeten Helferinnen und Helfern. Nach dem Sommercamp erleben wir Kinder, die in ihrer Pers\u00f6nlichkeit gest\u00e4rkt zur\u00fcckkommen. Sie haben im&#8230;  <a href=\"https:\/\/sommerschule.org\/site\/presse\/feedback-von-schulen\/\" title=\"Read Feedback von Schulen\">Read more &raquo;<\/a><\/p>\n","protected":false},"author":2,"featured_media":0,"parent":45,"menu_order":2,"comment_status":"closed","ping_status":"closed","template":"","meta":{"footnotes":""},"class_list":["post-2170","page","type-page","status-publish","hentry"],"_links":{"self":[{"href":"https:\/\/sommerschule.org\/site\/wp-json\/wp\/v2\/pages\/2170","targetHints":{"allow":["GET"]}}],"collection":[{"href":"https:\/\/sommerschule.org\/site\/wp-json\/wp\/v2\/pages"}],"about":[{"href":"https:\/\/sommerschule.org\/site\/wp-json\/wp\/v2\/types\/page"}],"author":[{"embeddable":true,"href":"https:\/\/sommerschule.org\/site\/wp-json\/wp\/v2\/users\/2"}],"replies":[{"embeddable":true,"href":"https:\/\/sommerschule.org\/site\/wp-json\/wp\/v2\/comments?post=2170"}],"version-history":[{"count":6,"href":"https:\/\/sommerschule.org\/site\/wp-json\/wp\/v2\/pages\/2170\/revisions"}],"predecessor-version":[{"id":2451,"href":"https:\/\/sommerschule.org\/site\/wp-json\/wp\/v2\/pages\/2170\/revisions\/2451"}],"up":[{"embeddable":true,"href":"https:\/\/sommerschule.org\/site\/wp-json\/wp\/v2\/pages\/45"}],"wp:attachment":[{"href":"https:\/\/sommerschule.org\/site\/wp-json\/wp\/v2\/media?parent=2170"}],"curies":[{"name":"wp","href":"https:\/\/api.w.org\/{rel}","templated":true}]}}

<p>Susanne Will, stellvertretende Leiterin der Schule Max-Eichholz-Ring (2016):</p>
<p style="padding-left: 30px;">&#8222;<em>Wir sind dankbar, dass Kinder unserer Schule teilnehmen dürfen! </em><em>Für viele Kinder ist es die erste Erfahrung außerhalb der Familie, gut betreut von engagierten, extra für das Sommercamp ausgebildeten Helferinnen und Helfern. </em><em><strong>Nach dem Sommercamp erleben wir Kinder, die in ihrer Persönlichkeit gestärkt zurückkommen. </strong></em><em>Sie haben im Zirkus trainiert, ihre Technik und Taktik beim Fußballspielen, im Lesen und beim Schreiben verbessert, ein ganzes Buch gelesen und als Zeitungsreporter gearbeitet &#8211; sie sind Teil eines  großen Teams geworden &#8211; eine wunderbare Erfahrung, deutlich sichtbar in der Zirkusvorstellung am Ende der Reise mit den Eltern als Zuschauer. Akrobatik ist schwer. Sich trauen und loslassen ist auch für Eltern nicht immer einfach. Wer wagt, gewinnt! </em><em>Wir danken dem Vorstand und ganz besonders auch Frau Berghold  für ihr Engagement und die gute Betreuung.</em></p>
<p>Ein Lehrer zum Sommercamp 2015:</p>
<p style="padding-left: 30px;">&#8222;<em>Die Schülerinnen und Schüler, die am Sommercamp 2015 teilgenommen haben, berichten freudestrahlend von der schönen Zeit in Glücksburg. Die Sommerschule war auf jeden Fall ein voller Erfolg für sie. Dieses Angebot ist wunderbar und hilft für die tägliche Arbeit im Klassenraum. <strong>Die teilnehmenden Schülerinnen und Schüler gewinnen an Selbstvertrauen</strong>. Die zwei Wochen bedeuten auch einen Prozess der &#8218;persönlichen Reifung&#8216;. Sie sind stolz auf sich, auf die schönen Erlebnisse, auf die Freunde und die erwachsenen Betreuer, die sie kennengelernt haben. Und ganz besonders auch auf das Abschlussfest mit den Eltern und Geschwistern. Ein großes Dankeschön an alle, die in und für Glücksburg 2015 mitgearbeitet haben. Und natürlich auch an diejenigen, die für die Finanzierung der Sommerschule sorgen.&#8220;</em></p>
<p>Ein  Lehrer zu einem Schüler, der am Sommercamp 2014 teilgenommen hat:</p>
<p style="padding-left: 30px;"><em>&#8222;Er war begeistert und möchte es am liebsten nächstes Jahr nochmal machen. Seine <strong>Schrift und Rechtschreibung haben sich auf den ersten Blick auch verbessert</strong>. Also ein voller Erfolg!&#8220;</em></p>

<p>Susanne Will, stellvertretende Leiterin der Schule Max-Eichholz-Ring (2016): &#8222;Wir sind dankbar, dass Kinder unserer Schule teilnehmen dürfen! Für viele Kinder ist es die erste Erfahrung außerhalb der Familie, gut betreut von engagierten, extra für das Sommercamp ausgebildeten Helferinnen und Helfern. Nach dem Sommercamp erleben wir Kinder, die in ihrer Persönlichkeit gestärkt zurückkommen. Sie haben im&#8230;  <a href="https://sommerschule.org/site/presse/feedback-von-schulen/" title="Read Feedback von Schulen">Read more &raquo;</a></p>
